{"id":138,"date":"2025-09-23T19:07:44","date_gmt":"2025-09-23T19:07:44","guid":{"rendered":"https:\/\/osteo-heller.ch\/?page_id=138"},"modified":"2025-09-30T19:11:03","modified_gmt":"2025-09-30T19:11:03","slug":"osteopathie-2","status":"publish","type":"page","link":"https:\/\/osteo-heller.ch\/?page_id=138","title":{"rendered":"Osteopathie"},"content":{"rendered":"\n<div class=\"wp-block-group alignfull has-accent-5-background-color has-background has-global-padding is-layout-constrained wp-container-core-group-is-layout-d89aad35 wp-block-group-is-layout-constrained\" style=\"margin-top:0;margin-bottom:0;padding-top:var(--wp--preset--spacing--50);padding-right:var(--wp--preset--spacing--50);padding-bottom:var(--wp--preset--spacing--50);padding-left:var(--wp--preset--spacing--50)\">\n<div class=\"wp-block-columns alignwide is-layout-flex wp-container-core-columns-is-layout-1da03c2a wp-block-columns-is-layout-flex\">\n<div class=\"wp-block-column is-vertically-aligned-center is-layout-flow wp-block-column-is-layout-flow\" style=\"flex-basis:60%\">\n<figure class=\"wp-block-image size-full is-style-rounded wp-duotone-unset-2 is-style-rounded--1\"><img loading=\"lazy\" decoding=\"async\" width=\"1365\" height=\"2048\" src=\"https:\/\/osteo-heller.ch\/wp-content\/uploads\/2025\/09\/DSC04391.jpg\" alt=\"\" class=\"wp-image-25\" srcset=\"https:\/\/osteo-heller.ch\/wp-content\/uploads\/2025\/09\/DSC04391.jpg 1365w, https:\/\/osteo-heller.ch\/wp-content\/uploads\/2025\/09\/DSC04391-200x300.jpg 200w, https:\/\/osteo-heller.ch\/wp-content\/uploads\/2025\/09\/DSC04391-683x1024.jpg 683w, https:\/\/osteo-heller.ch\/wp-content\/uploads\/2025\/09\/DSC04391-768x1152.jpg 768w, https:\/\/osteo-heller.ch\/wp-content\/uploads\/2025\/09\/DSC04391-1024x1536.jpg 1024w\" sizes=\"auto, (max-width: 1365px) 100vw, 1365px\" \/><\/figure>\n<\/div>\n\n\n\n<div class=\"wp-block-column is-vertically-aligned-center is-layout-flow wp-block-column-is-layout-flow\" style=\"flex-basis:40%\">\n<h2 class=\"wp-block-heading\">Was ist Osteopathie?<\/h2>\n\n\n\n<div class=\"wp-block-group has-global-padding is-content-justification-left is-layout-constrained wp-container-core-group-is-layout-c4d06299 wp-block-group-is-layout-constrained\">\n<p class=\"wp-container-content-0733e5d0\">Hinter der Wissenschaft der Osteopathie steckt ein ganzheitliches medizinisches Behandlungskonzept, das den Menschen in seiner Gesamtheit betrachtet. Im Mittelpunkt steht nicht allein eine symptomatische Behandlung, sondern das Verst\u00e4ndnis f\u00fcr die anatomischen und physiologischen Zusammenh\u00e4nge, die der Gesundheit zu Grunde liegen.<\/p>\n<\/div>\n<\/div>\n<\/div>\n<\/div>\n\n\n\n<div class=\"wp-block-group alignfull has-accent-5-background-color has-background has-global-padding is-layout-constrained wp-container-core-group-is-layout-d89aad35 wp-block-group-is-layout-constrained\" style=\"margin-top:0;margin-bottom:0;padding-top:var(--wp--preset--spacing--50);padding-right:var(--wp--preset--spacing--50);padding-bottom:var(--wp--preset--spacing--50);padding-left:var(--wp--preset--spacing--50)\">\n<div class=\"wp-block-columns alignwide is-layout-flex wp-container-core-columns-is-layout-1da03c2a wp-block-columns-is-layout-flex\">\n<div class=\"wp-block-column is-vertically-aligned-center is-layout-flow wp-block-column-is-layout-flow\" style=\"flex-basis:60%\">\n<figure class=\"wp-block-image size-full is-style-rounded wp-duotone-unset-4 is-style-rounded--3\"><img loading=\"lazy\" decoding=\"async\" width=\"1365\" height=\"2048\" src=\"https:\/\/osteo-heller.ch\/wp-content\/uploads\/2025\/09\/DSC04170.jpg\" alt=\"\" class=\"wp-image-20\" srcset=\"https:\/\/osteo-heller.ch\/wp-content\/uploads\/2025\/09\/DSC04170.jpg 1365w, https:\/\/osteo-heller.ch\/wp-content\/uploads\/2025\/09\/DSC04170-200x300.jpg 200w, https:\/\/osteo-heller.ch\/wp-content\/uploads\/2025\/09\/DSC04170-683x1024.jpg 683w, https:\/\/osteo-heller.ch\/wp-content\/uploads\/2025\/09\/DSC04170-768x1152.jpg 768w, https:\/\/osteo-heller.ch\/wp-content\/uploads\/2025\/09\/DSC04170-1024x1536.jpg 1024w\" sizes=\"auto, (max-width: 1365px) 100vw, 1365px\" \/><\/figure>\n<\/div>\n\n\n\n<div class=\"wp-block-column is-vertically-aligned-center is-layout-flow wp-block-column-is-layout-flow\" style=\"flex-basis:40%\">\n<h2 class=\"wp-block-heading\">Ursprung &amp; Entwicklung<\/h2>\n\n\n\n<p>Die Osteopathie wurde Ende des 19. Jahrhunderts von dem amerikanischen Arzt <strong>Andrew Taylor Still<\/strong> entwickelt. Er war \u00fcberzeugt davon, dass viele Beschwerden durch St\u00f6rungen im Bewegungsapparat und den umliegenden Geweben entstehen k\u00f6nnen.<\/p>\n\n\n\n<p>Mit den drei Grundprinzipien hat er die Basis der osteopathischen Behandlung festgelegt:<\/p>\n\n\n\n<p>1. <strong>Struktur und Funktion sind untrennbar miteinander verbunden.<\/strong> Ver\u00e4nderungen im Gewebe k\u00f6nnen die Funktion beeinflussen \u2013 und umgekehrt.<\/p>\n\n\n\n<p>2. <strong>Der K\u00f6rper ist eine Einheit.<\/strong> Alle Systeme (z. B. Bewegungsapparat, Organe, Nerven, Kreislauf) stehen in Wechselwirkung.<\/p>\n\n\n\n<p>3. <strong>Der K\u00f6rper verf\u00fcgt \u00fcber Selbstheilungskr\u00e4fte.<\/strong> Die Osteopathie unterst\u00fctzt diese nat\u00fcrlichen Prozesse.<\/p>\n<\/div>\n<\/div>\n<\/div>\n\n\n\n<div class=\"wp-block-group alignfull has-accent-5-background-color has-background has-global-padding is-layout-constrained wp-container-core-group-is-layout-d89aad35 wp-block-group-is-layout-constrained\" style=\"margin-top:0;margin-bottom:0;padding-top:var(--wp--preset--spacing--50);padding-right:var(--wp--preset--spacing--50);padding-bottom:var(--wp--preset--spacing--50);padding-left:var(--wp--preset--spacing--50)\">\n<div class=\"wp-block-columns alignwide is-layout-flex wp-container-core-columns-is-layout-1da03c2a wp-block-columns-is-layout-flex\">\n<div class=\"wp-block-column is-vertically-aligned-center is-layout-flow wp-block-column-is-layout-flow\" style=\"flex-basis:60%\">\n<figure class=\"wp-block-image size-full is-style-rounded wp-duotone-unset-6 is-style-rounded--5\"><img loading=\"lazy\" decoding=\"async\" width=\"1365\" height=\"2048\" src=\"https:\/\/osteo-heller.ch\/wp-content\/uploads\/2025\/09\/DSC04512.jpg\" alt=\"\" class=\"wp-image-29\" srcset=\"https:\/\/osteo-heller.ch\/wp-content\/uploads\/2025\/09\/DSC04512.jpg 1365w, https:\/\/osteo-heller.ch\/wp-content\/uploads\/2025\/09\/DSC04512-200x300.jpg 200w, https:\/\/osteo-heller.ch\/wp-content\/uploads\/2025\/09\/DSC04512-683x1024.jpg 683w, https:\/\/osteo-heller.ch\/wp-content\/uploads\/2025\/09\/DSC04512-768x1152.jpg 768w, https:\/\/osteo-heller.ch\/wp-content\/uploads\/2025\/09\/DSC04512-1024x1536.jpg 1024w\" sizes=\"auto, (max-width: 1365px) 100vw, 1365px\" \/><\/figure>\n<\/div>\n\n\n\n<div class=\"wp-block-column is-vertically-aligned-center is-layout-flow wp-block-column-is-layout-flow\" style=\"flex-basis:40%\">\n<h2 class=\"wp-block-heading\">Einsatzgebiete<\/h2>\n\n\n\n<div class=\"wp-block-group has-global-padding is-content-justification-left is-layout-constrained wp-container-core-group-is-layout-c4d06299 wp-block-group-is-layout-constrained\">\n<p class=\"wp-container-content-0733e5d0\">Die Anwendungsbereiche sind vielf\u00e4ltig im Bereich der drei Pfeiler der Osteopathie.<\/p>\n\n\n\n<ul class=\"wp-block-list\">\n<li>Die <strong>somatische<\/strong> Osteopathie befasst sich mit dem Bewegungsapparat (z.B. Schmerzen im Bereich von Muskulatur, Sehnen und Gelenken &#8211; evtl. auch in Zusammenhang mit Sport)<\/li>\n\n\n\n<li>Im Zentrum der <strong>viszeralen<\/strong> Osteopathie stehen die inneren Organe (funktionelle St\u00f6rungen wie Verdauungsprobleme oder Mensbeschwerden)<\/li>\n\n\n\n<li>Auf dem Nervensystem liegt der Fokus bei der <strong>kranio-sakralen<\/strong> Osteopathie (beispielsweise Schlafprobleme oder Konzentrationsschwierigkeiten in Zusammenhang mit vegetativen Dysbalancen)<\/li>\n<\/ul>\n\n\n\n<p>F\u00fcr die Behandlungen gibt es keine Grenzen durch Alter oder k\u00f6rperliche Einschr\u00e4nkungen &#8211; die Techniken werden immer an das Gegen\u00fcber angepasst.<\/p>\n\n\n\n<p class=\"wp-container-content-0733e5d0\">Die Osteopathie versteht sich als <strong>Erg\u00e4nzung zur klassischen Medizin<\/strong> und ersetzt diese keinesfalls. Bei akuten Beschwerden, die zum Beispiel Knochenbr\u00fcche, Infekte, Tumore, Herzinfarkt oder psychische Krankheiten zur Ursache haben k\u00f6nnten, muss man sich unbedingt an eine \u00e4rztliche Stelle wenden. Anschliessend kann eine osteopathische Begleitung allenfalls in Betracht gezogen werden.<\/p>\n\n\n\n<p><\/p>\n<\/div>\n<\/div>\n<\/div>\n<\/div>\n","protected":false},"excerpt":{"rendered":"<p>Was ist Osteopathie? Hinter der Wissenschaft der Osteopathie steckt ein ganzheitliches medizinisches Behandlungskonzept, das den Menschen in seiner Gesamtheit betrachtet. Im Mittelpunkt steht nicht allein eine symptomatische Behandlung, sondern das Verst\u00e4ndnis f\u00fcr die anatomischen und physiologischen Zusammenh\u00e4nge, die der Gesundheit zu Grunde liegen. Ursprung &amp; Entwicklung Die Osteopathie wurde Ende des 19. Jahrhunderts von dem [&hellip;]<\/p>\n","protected":false},"author":1,"featured_media":0,"parent":0,"menu_order":0,"comment_status":"closed","ping_status":"closed","template":"","meta":{"footnotes":""},"class_list":["post-138","page","type-page","status-publish","hentry"],"_links":{"self":[{"href":"https:\/\/osteo-heller.ch\/index.php?rest_route=\/wp\/v2\/pages\/138","targetHints":{"allow":["GET"]}}],"collection":[{"href":"https:\/\/osteo-heller.ch\/index.php?rest_route=\/wp\/v2\/pages"}],"about":[{"href":"https:\/\/osteo-heller.ch\/index.php?rest_route=\/wp\/v2\/types\/page"}],"author":[{"embeddable":true,"href":"https:\/\/osteo-heller.ch\/index.php?rest_route=\/wp\/v2\/users\/1"}],"replies":[{"embeddable":true,"href":"https:\/\/osteo-heller.ch\/index.php?rest_route=%2Fwp%2Fv2%2Fcomments&post=138"}],"version-history":[{"count":4,"href":"https:\/\/osteo-heller.ch\/index.php?rest_route=\/wp\/v2\/pages\/138\/revisions"}],"predecessor-version":[{"id":149,"href":"https:\/\/osteo-heller.ch\/index.php?rest_route=\/wp\/v2\/pages\/138\/revisions\/149"}],"wp:attachment":[{"href":"https:\/\/osteo-heller.ch\/index.php?rest_route=%2Fwp%2Fv2%2Fmedia&parent=138"}],"curies":[{"name":"wp","href":"https:\/\/api.w.org\/{rel}","templated":true}]}}